121)?
5
Let h be 0 - (-5 + -1 - 1*-2). Let p(y) = y**2 + 7. Let m be p(h). What is the tens digit of (-22 + m)/(1/38)?
3
Let f be 5/((-40)/(-28)) - 3/(-2). Suppose -f*p = -5*n - 25 - 10, -2*p = 5*n + 21. Suppose 4 = 2*c, c - 89 = -p*d + 67. What is the tens digit of d?
7
Suppose 3*a + 516 = 5*h, -348 = 2*a + 8*h - 10*h. Let w = -156 - a. What is the units digit of w?
1
Let q(v) = 34*v**3 - 2*v**2 - 3*v + 3. Let b be q(-2). Let r = 620 + b. What is the tens digit of r?
4
Let o = 33871 - 15114. What is the hundreds digit of o?
7
Let t(z) = -z**2 + 5*z + 5. Let k be t(6). Let q be 120/16*(-2 - k - -3). Suppose -3*w = -3*y + 48 + q, -20 = 5*w. What is the tens digit of y?
1
Suppose 13*o + 27762 = 3*t, -2*t + 5*o + 6367 = -12152. What is the tens digit of t?
6
Let h = -69 - -76. Suppose -h*w + 14976 = 5*w. Suppose 0 = -2*o - 10*o + w. What is the hundreds digit of o?
1
What is the thousands digit of (-239976)/(-7) - ((-8)/18)/((-210)/135)?
4
Let l(r) = -7*r**3 + 345*r**2 - 29*r - 482. What is the units digit of l(48)?
2
Let p be (-1376)/(-36) - 2/9. Suppose 4*r - p = -2*v + 6, -r - v + 10 = 0. Suppose 0 = 3*n - 297 - r. What is the hundreds digit of n?
1
What is the tens digit of 10/115 - 8195*(-78)/69?
6
Let q(m) = -3*m - 27*m - 27*m + 8*m**2 + 79*m - 113. What is the tens digit of q(5)?
9
Suppose -15*x + 6405 + 145519 - 17029 = 0. What is the hundreds digit of x?
9
Suppose -93*b - 52929 + 530577 = 0. What is the units digit of b?
6
Let f(t) = -6*t - 24. Let m be f(-5). What is the units digit of 363/m - (-5)/(15 + -5)?
1
Let s = -41703 - -76304. What is the units digit of s?
1
Let j = 191 - 191. Suppose -2*r + 956 = 2*q - j*q, -5*r = -4*q + 1867. What is the hundreds digit of q?
4
Suppose -18*c + 21*c - 92*c + 1016202 = 0. What is the hundreds digit of c?
4
Let c(g) = 3409*g + 4203. What is the units digit of c(12)?
1
Suppose -2*d + 40 = -12. Let w = d - 9. Suppose w*n - 11*n = 18. What is the units digit of n?
3
Suppose 0 = 2*p - i - 10212, 3*p - 3265 = -2*i + 12067. What is the units digit of p?
8
Let g(d) be the second derivative of -d**5/10 + 7*d**4/6 + 19*d**3/3 - 9*d**2/2 - 8*d + 10. What is the hundreds digit of g(-6)?
6
Let h be (-4 + (-568)/(-12))*(-18)/(-15). Suppose h*m + 404 = 54*m. What is the units digit of m?
2
What is the units digit of (2466/4)/(387/258)?
1
Let i = 17680 - 7205. What is the ten thousands digit of i?
1
Suppose 125*a = 2399257 + 2888743. What is the ten thousands digit of a?
4
Let y(u) be the third derivative of u**6/120 + 4*u**5/15 - u**4/4 + 4*u**3 + u**2 + 35. What is the tens digit of y(-13)?
0
Suppose 3*p + 1020 = a, 3*a + 437 - 3553 = -5*p. Suppose 5*s - a - 1198 = 0. What is the hundreds digit of s?
4
Let p = -40426 + 74377. What is the thousands digit of p?
3
Let m(u) = 512*u**2 - 14*u. Let z be m(-2). Let o = -745 + z. What is the units digit of o?
1
Let u be (6 - 184/32) + 1/(-4). Suppose u = -5*t - 4*i - 165, 3*t - 5*i = -t - 173. What is the tens digit of (t + 0 + -3)/(-1)?
4
What is the hundreds digit of 10134 + (9 + -8)*8 + 1 + 1?
1
Suppose -19*i + 112432 = -10308. What is the units digit of i?
0
What is the thousands digit of 45/6 + (-4)/(56/(-21)) + 18178?
8
Suppose -108*s = -116*s + 126472. What is the ten thousands digit of s?
1
Suppose -2*g - 5*b = 5 - 13, 3*b + 4 = g. Let q = 1700 + -1072. Suppose -q = -4*o - g*u, -u = -3*o - 2*u + 481. What is the units digit of o?
2
Let n(h) = 227*h**2 - 242*h - 10. What is the hundreds digit of n(5)?
4
Let f be 5795 - ((-7 - 0) + 6). Suppose -f = -9*t - 3*t. What is the tens digit of t?
8
Let t be ((-42)/(-10) - 3)*(-250)/100. Let x = -2 - -1. What is the units digit of 31 + x + t + 2?
9
Let z be (2 - -10) + -8 + (-1)/(-1). Suppose -3*u = 4*i - 2095 + 152, -z*u + i + 3223 = 0. What is the units digit of u?
5
Let z(d) = 6*d + 181. Let u be z(-26). Let x(i) = i**3 - 26*i**2 + 39*i - 31. What is the tens digit of x(u)?
1
Suppose -6*g - 2*k - 1090 = -2*g, 0 = -2*k - 6. Let t = 369 + g. What is the tens digit of t?
9
Let x = -8285 - -12027. What is the thousands digit of x?
3
Let x = 11 + -6. Suppose -3*b + 3 = 3*d - 0, 0 = x*d + 5. Suppose b*f + 110 = y, -2*y - 3*y + 620 = 4*f. What is the tens digit of y?
2
Let x = 72 - 72. Suppose -2*l = -3*s - 28, 4*s = -x*l - l - 19. What is the tens digit of (-5)/30 - (-2 - (-223)/s)?
3
Suppose 36*r - 44534 = 3634. What is the units digit of r?
8
Suppose -24*t + 2756 + 1756 = 0. Suppose t = 4*i - 68. What is the units digit of i?
4
Let q be (-4 + 1 + 1)*-2. Suppose -4*r + 929 = -a, -2*r - q*a + 401 = -41. What is the tens digit of r?
3
Suppose 174652 = -81*o + 85*o - 2*m, 0 = -13*m + 78. What is the units digit of o?
6
What is the hundreds digit of 42*((-71)/(-2) + 4)?
6
Let y(w) = 492*w - 17. What is the units digit of y(1)?
5
Suppose 97*u = -87*u + 4234576. What is the units digit of u?
4
Let n be (-25)/(-3) - 1/3. Suppose -l = -4*c + 2467, n*c - 5*l + 3115 = 13*c. What is the tens digit of c?
1
Let x be ((-3)/2)/(2/((-2432)/3)). Let j = x + -348. What is the units digit of j?
0
Let k = 1960 + 1758. What is the units digit of k?
8
Suppose x - b + 13 = 4*b, 3*x + 2*b = 12. Suppose -x*m = m - 987. What is the units digit of m?
9
Let p be (-3)/21 - (-13)/((-637)/(-105)). Suppose z - 11*m - 963 = -12*m, -4*m + 1922 = p*z. What is the hundreds digit of z?
9
Let n(r) = 3*r**3 - 16*r**2 + 39*r - 357. What is the tens digit of n(11)?
2
Let z be (12/15)/((-6)/(-45)). Suppose -1 = z*o + 5. What is the tens digit of 3/(450/222 + (o - 1))?
1
Suppose -4*j + 4 + 4 = 0, -2*f + j + 78 = 0. Suppose -3168 = f*r - 48*r. What is the units digit of r?
6
Let z = 136 + -53. Let t = z - 79. Let h(u) = 2*u**3 + 12*u - 9. What is the units digit of h(t)?
7
What is the hundreds digit of (-29)/(319/(-154)) - -19626?
6
Let w(b) = -b**3 - 3*b**2 - 2*b + 3. Let z be w(-2). Suppose -j - 2*q + 690 = -4*q, 2059 = z*j + 5*q. What is the tens digit of j?
8
Let x(s) = 17*s**2 + 24*s - 67. Let r(n) = -4*n**2 - 6*n + 17. Let j(p) = -9*r(p) - 2*x(p). What is the tens digit of j(5)?
6
Let i be (21/28)/(3 + (-4514)/1504). Let j = i - -1376. What is the tens digit of j?
1
Let n be 56*17/((-714)/(-180)). Suppose 21*b + n = 22*b. What is the hundreds digit of b?
2
Let f(c) = -2*c**2 - 6*c + 2. Let p be f(-12). Let g = 325 + p. What is the hundreds digit of g?
1
Let i be 1023 - (-20)/(-4) - (-1 + -1). Let t be (2/(-3))/(4/i*-2). Let c = 124 - t. What is the units digit of c?
9
Suppose 1523428 = 84*n - 617599 - 1164373. What is the ten thousands digit of n?
3
Suppose 202*a - 206*a + 4804 = 0. Suppose -6*l + 1847 = -a. What is the hundreds digit of l?
5
Let q be 6*(-4)/(-6) + 320. Suppose -9*g = -0*g - 18. Suppose 0 = 4*b - g*r - 2*r - q, 0 = -b - 3*r + 101. What is the tens digit of b?
8
Let v = -54 + 154. Let m be (v/24)/1 - 2/12. Suppose m*z + o - 228 = -3*o, 5*z + 2*o = 285. What is the units digit of z?
7
Suppose -28 - 802 = n. Let a = n + 1481. What is the units digit of a?
1
Let y(t) = -t**3 + 7*t**2 - 3*t - 14. Let d be y(6). Suppose -d*u + 14 = -2*u. Suppose u*g - 972 - 484 = 0. What is the units digit of g?
8
Suppose -12*p - 17*p + 17859 = -145788. What is the hundreds digit of p?
6
Let z = -315 - -74. Let c = 481 + z. What is the hundreds digit of c?
2
Suppose 1974 - 374 = 16*l. Let f = 789 - l. What is the hundreds digit of f?
6
What is the tens digit of (-112)/392 + 109554/14?
2
What is the units digit of (-13)/(-26) - (-3)/12*65710?
8
Let s = 36333 + 35254. What is the ten thousands digit of s?
7
Let r(l) = -l**2 + 9*l + 12. Let i be r(8). Suppose i*j - 2219 = 13*j. What is the tens digit of j?
1
Let i(f) = 178*f**2 + 40*f - 676. What is the tens digit of i(12)?
3
Suppose -2 = 5*v - 2*k - 4, 3*v + k = -1. Suppose -2*n + 10*f + 1059 = 9*f, -4*n - 4*f + 2124 = v. What is the units digit of n?
0
Suppose -16*s = -372468 - 133628. What is the tens digit of s?
3
Suppose 50 = 5*v + 5*j, 4*v - 8 = 2*j + 2*j. Let l be (-5*8)/5*-16. Suppose -v*m + 4*m = -l. What is the tens digit of m?
6
Let m be (20/(-16))/((-114)/56 + 2). Let w be (-15)/m + (-3 - (-59)/7). Suppose 5*t = w*f + 495, -f + 91 = -0*t + t. What is the units digit of t?
5
Let w be -3 - (8/60 - 36716/(-30)). Let g = -169 - w. What is the units digit of g?
8
Suppose 0 = 35*w - 231*w - 1288769 + 820208